= -f - 3. Give o(y).
2
Let t be (8/12)/(4/6). Suppose -k + 2 = -1. Let f(c) = -k*c - t + 4 - 4. What is f(1)?
-4
Let l(q) be the third derivative of q**6/120 - q**5/60 + q**3/3 - 5*q**2. Give l(-2).
-10
Let y(f) be the third derivative of f**9/60480 - f**7/5040 - f**6/360 - f**5/30 + 3*f**2. Let r(i) be the third derivative of y(i). What is r(0)?
-2
Let f be (-33)/(-15) + 2/(-10). Let l(p) = -10*p - 2 - 6 + 11*p + f. What is l(4)?
-2
Let n(d) = 2*d**3 + d - 1. Let m(i) = -9*i**3 + 11*i**2 + 6*i + 12. Let y(p) = -m(p) - 5*n(p). Calculate y(-10).
3
Let w(r) = -2*r + 1 + 10*r + 9*r - 7*r. What is w(-1)?
-9
Suppose -5*w + 2 + 0 = -z, 5*w = -3*z + 14. Let x(b) = 3*b**2 - 19*b - 4. Let h(q) = 2*q**2 - 13*q - 3. Let m(l) = -7*h(l) + 5*x(l). Give m(z).
-2
Let x(i) = -1 - 1 - i - i**2 + 4 + i**3 + 0. Give x(3).
17
Let n be (-44)/(-14) + 9/(-63). Let j(m) = -m - n*m + 3*m. Suppose 0 = 3*w - g - 3*g, -g = -w. Give j(w).
0
Let z(q) = q + 5*q - 5*q. Suppose 0 = d - 1, 8*d - 3*d = 5*j + 35. Determine z(j).
-6
Let t be (5/(-2) - 0)*-2. Suppose -t*k = -2*g - 24, -3*g - k - k + 2 = 0. Let n(p) = p**2 + 2*p. Calculate n(g).
0
Let g(z) = -5*z**2 + 4*z + 11 - 2*z - 2 - 8 + z**3. What is g(4)?
-7
Let b(s) = -s**2 + 4*s**2 - 4*s**2 + 17. Give b(0).
17
Let y(c) be the second derivative of 9*c**5/20 - c**4/6 + c**2/2 - c. Let i = -6 - -5. What is y(i)?
-10
Let w be 10/3 + 4/6. Let i(v) = -4*v**2 + v**3 + 10 + v + 12 - 37 + 20. Determine i(w).
9
Suppose 7*m + 24 = 4*m. Let a = 10 + m. Let d(z) be the third derivative of -z**6/120 + z**5/15 - z**4/12 - z**3/6 - z**2. What is d(a)?
3
Let a = 4 + -6. Let j(h) = h**3 - 8*h**2 - 3*h - 2. Let u(q) = -7*q**2 - 3*q - 2. Let w(x) = 3*j(x) - 4*u(x). Determine w(a).
-12
Let z(o) = o + 3*o - o + o + 6. Determine z(-4).
-10
Let k(s) = -s**3 + 4*s**2 - 2. Let d(r) be the third derivative of -r**6/120 + 4*r**5/15 - 5*r**4/8 + r**3/2 + r**2. Let f be d(15). Calculate k(f).
7
Let d(r) = -r + 3. Let z be d(0). Let g(k) = z*k**2 - 5*k**2 - 4 - 4*k + k - 2*k. Calculate g(-3).
-7
Let o(s) = -s**3 - 6*s**2 - 3*s + 2. Let f be o(-6). Suppose 0*p - f = -p. Let w be ((-4)/(-2))/((-8)/p). Let y(j) = -j**3 - 4*j**2 + 6*j + 1. Calculate y(w).
-4
Let h(y) be the second derivative of y**5/20 - y**4/3 + y**3/2 - 3*y**2 + 2*y. Let d = -6 - -10. Calculate h(d).
6
Let q(n) = n**3 + n**2 + 2. Suppose c + 5 = l, 6*c = c - 5*l + 25. Give q(c).
2
Let d(t) = 2*t - 2 + 3*t + 3. Suppose -w = -3*k + 4, -2*w - 3 = w. Give d(k).
6
Let i(l) = -3*l. Let g(p) = -p**3 + 4*p**2 - 4*p + 6. Let y = 20 + -17. Let u be g(y). What is i(u)?
-9
Let u be (-2)/(-8) - 2/8. Let f(s) = -2*s**2 - 7*s + 2. Let q(x) = 3*x**2 + 10*x - 2. Let t(r) = 7*f(r) + 5*q(r). What is t(u)?
4
Let o(t) = 3*t - 10. Let c be o(5). Let y(l) = -2*l + 7. Let f(z) = -3*z + 10. Let n(a) = c*f(a) - 8*y(a). Give n(-5).
-11
Let x be (3 - 2) + (23 - -1). Suppose l - x = 6*l. Let b(f) = -f**3 - 4*f**2 + 4*f + 1. Determine b(l).
6
Let b(m) = -10*m - 4 + 6*m + 5*m. Calculate b(-5).
-9
Let h be -10*3/(-1 + -5). Let x = h - 2. Let k(b) = 4 + b - x*b + b. Determine k(3).
1
Let y(c) = c + 6. Let k(i) = -i**3 + 10*i**2 - 10*i + 9. Let d be k(9). Determine y(d).
6
Let k(b) be the third derivative of -1/3*b**3 + 1/30*b**5 + 0*b + 0 + 0*b**4 + 2*b**2. What is k(-2)?
6
Let v = -55 - -54. Let w(s) = -4*s - 1. Calculate w(v).
3
Let h be 1 + -2*3/6. Suppose -4*g + 0*g = h. Let u be (-3)/2*(g + -2). Let y(n) = -n**2 + 3*n + 1. What is y(u)?
1
Let o(b) = -8*b**3 - 11*b**2 + 17*b + 5. Let m(w) = -7*w**3 - 9*w**2 + 15*w + 4. Let k(l) = 7*m(l) - 6*o(l). Let v be (-4 + 1)/((-9)/12). What is k(v)?
-6
Let x(h) = -4*h + 2. Let k be x(-1). Let b(y) = k*y + 3*y**2 - 7 - y + 3*y - 4*y**2. Calculate b(6).
5
Let n(u) = -u + 5. Suppose -11 = 6*c - 41. What is n(c)?
0
Let m = 28 - 21. Let y(t) = -2*t + 3. Calculate y(m).
-11
Let p(q) be the second derivative of -q**4/12 - 5*q**2/2 - 3*q. Suppose 3*x = 2*x. Give p(x).
-5
Let k(f) = -f**3 - 5*f**2 - f. Let z = -7 + 6. Let c be (z/(-2))/((-1)/10). Give k(c).
5
Let q(d) be the third derivative of 5*d**2 + 0 - 1/6*d**3 + 0*d - 1/30*d**5 + 0*d**4. What is q(-1)?
-3
Let a(x) = x**2 + x - 8. Let u(f) = -15*f - 75. Let d be u(-5). What is a(d)?
-8
Let h(r) = -4 - 4*r - 690*r**3 - r**2 + 684*r**3 + 5 + 5*r. Suppose 0 - 3 = 3*w. Calculate h(w).
5
Let o(x) be the second derivative of x**3/3 - x. Let s be 2 + 1 - 2/2. Suppose 4*d = -5*t - 21, 3*t - s*d - 3*d - 17 = 0. Determine o(t).
-2
Let o(l) be the second derivative of 2*l**3/3 - l**2/2 - 11*l + 4. What is o(3)?
11
Let y(n) = n + 2. Let j be (2 + 14)/4 - 1. Give y(j).
5
Let d(a) = -a + 5. Let c be d(4). Suppose -2*u + 4*u = 8. Let q(l) = -5 + u - 5*l + 3*l. What is q(c)?
-3
Let j(p) be the third derivative of 0*p**3 + 0 - 1/24*p**4 + 0*p + 5*p**2. What is j(-2)?
2
Let d = -2 - -12. Let k(w) = w**2 - 9*w - 10. Let n be k(d). Let p(h) = -h**3 + h + 6. Determine p(n).
6
Let l = 11 - 8. Let s(d) = -d + 3. Calculate s(l).
0
Let t = -3 - -2. Let d(i) = 0*i**3 - 8*i**3 + i + 0 + 1 - 36*i**2 + 35*i**2. Determine d(t).
7
Suppose 9 = 3*z + 3. Let m(j) = -4*j - 57. Let a(l) = -2*l - 29. Let x(t) = -5*a(t) + 3*m(t). Let b(o) = -o - 9. Let q(d) = 17*b(d) - 6*x(d). Give q(z).
-7
Let b(a) = -a**3 + a**2 + 4*a + 1. Let n be b(3). Suppose j = -2*j + 12. Let l(g) = -9 - 3*g**2 + 1 + 4*g**2 + 1 + j*g. What is l(n)?
-2
Let y(h) = h - 3. Suppose -19 = -5*f - 2*v + 13, -7 = -f - v. Let c be y(f). Let u(b) = -2*b + 2. Determine u(c).
-4
Let x(v) = -4*v + 1. Let b = -3 + 2. Give x(b).
5
Let u(f) = 2*f - 6. Let m be u(2). Let v(x) = 2*x**3 + 2*x + 3. Determine v(m).
-17
Let o(l) = -l**2 + 5*l - 1. Let z(r) = 3*r**2 + 2*r - 2. Let m be z(-2). What is o(m)?
-7
Let k be ((-2)/(-4))/((-2)/8). Let x be (-33)/18 + k/12. Let a(y) = -2*y**3 - 2*y**2 + 2*y + 1. Calculate a(x).
5
Let j(m) be the third derivative of 3*m**2 - 5/3*m**3 + 1/24*m**4 + 0*m + 0. Let i be j(6). Let n(d) = -d**3 - 3*d**2 + 2*d - 2. Give n(i).
6
Let t(g) = g**3 + g**2 - g - 3. Let k(u) = -u**3 - u**2 + u + 5. Let f(s) = 3*k(s) + 5*t(s). Let h(r) = 0 - r + 0*r + 4. Let a be h(6). Determine f(a).
-4
Suppose 15 = 9*x - 4*x. Let l(h) = -h + 2*h + x - 6. What is l(8)?
5
Suppose 2*b + 3*i - 23 = -28, 0 = 3*b + 3*i. Let u(z) = -z**2 + 11*z - 5. Calculate u(b).
25
Let g be ((-1)/(2/8))/(-2). Let b(f) = 4*f**g - 2*f**2 + 0*f**3 + 2*f - f**3 + 4. Calculate b(3).
1
Let d(f) = f**2 + 6*f + 6. Let y(k) = 2*k**2 + 12*k + 12. Let m(g) = 2*g - 3. Let n be m(7). Let q = -7 + n. Let u(t) = q*y(t) - 9*d(t). Calculate u(-5).
-1
Suppose -8 = -2*p + 14. Let j = p - 12. Let u(v) = -5*v**3 - v**2 - v - 1. What is u(j)?
4
Let z(y) = -4*y + 3*y**3 + 2*y**3 + 11 - 4*y**3 - 7*y**2 - 6*y. Give z(8).
-5
Let w = -6 + 11. Let s(v) be the third derivative of -v**6/360 + v**5/24 - 7*v**4/24 - v**3 - 2*v**2. Let r(q) be the first derivative of s(q). Give r(w).
-7
Let b(l) = 10*l**3 + 18*l**2 - 20*l - 20. Let s(z) = -3*z**3 - 6*z**2 + 7*z + 7. Let y(m) = 2*b(m) + 7*s(m). What is y(-7)?
-5
Let v(u) be the second derivative of u**5/20 + u**4/12 + u**3/6 - 4*u**2 - 17*u - 2. Give v(0).
-8
Let d(v) = 4*v + 1. Let g(n) = 6*n + 2. Let s(u) = -8*d(u) + 5*g(u). Let c = 33 - 28. Give s(c).
-8
Let n(j) = 23*j**3 - 2*j**2. Let l(d) = -12*d**3 + d**2. Let h(g) = -5*l(g) - 3*n(g). Suppose -9 = 2*x + 1. Let z = -4 - x. Determine h(z).
-8
Let d(n) = -n**3 - n + 1. Let s(z) = 3*z**3 + 4*z**2 + 6*z - 1. Let p(o) = -o**3 - 7*o**2 + 1. Let c be p(-7). Let u(x) = c*s(x) + 2*d(x). Calculate u(-3).
-2
Let w(g) = 5 + 2 - 4 - 3*g - g**2. Let u = 7 - 11. What is w(u)?
-1
Let n(p) = -p**2 + 4. Let v be n(3). Let f(d) = 7 + 0 - 12 + 3*d + 11. Give f(v).
-9
Let b(p) be the first derivative of -p**2 - 2*p + 1. Suppose 0 = o - 0 - 2. Calculate b(o).
-6
Let v(s) = s + 10. Suppose 2*c - 3*c = 3*z, -2*c = z. Suppose z = -4*h + 4*w - 8, -h - 19 = 2*w - 2. Calculate v(h).
3
Let v(r) be the second derivative of -r**5/20 - r**4/3 - r**3/3 - r**2 + 36*r. What is v(-4)?
6
Let a(h) = 0 - 2 + h + 7 - h**3. Suppose -2*f = 3*f. What is a(f)?
5
Let i(k) be the third derivative of k**6/120 + k**5/10 + k**3/6 + 8*k**2. Give i(-6).
1
Let w(i) = 5*i - 10. Let o(x) = 2*x + 7. Let l(f) = 5*f + 15. Let m(a) = -4*l(a) + 9*o(a). Let d(b) = -11*m(b) - 4*w(b). What is d(-6)?
-5
Suppose k +